t is the units digit of 298144?
4
What is the hundred thousands digit of 1088673?
0
What is the units digit of 1992111?
1
What is the ten thousands digit of 726825?
2
What is the hundred thousands digit of 261547?
2
What is the hundred thousands digit of 770078?
7
What is the ten thousands digit of 4506846?
0
What is the tens digit of 617533?
3
What is the millions digit of 9789639?
9
What is the hundreds digit of 83862?
8
What is the units digit of 5202688?
8
What is the ten thousands digit of 7238849?
3
What is the units digit of 1566165?
5
What is the millions digit of 4815752?
4
What is the tens digit of 12198957?
5
What is the tens digit of 303361?
6
What is the hundreds digit of 23231539?
5
What is the ten millions digit of 18954201?
1
What is the tens digit of 2846643?
4
What is the thousands digit of 19621959?
1
What is the units digit of 3393230?
0
What is the units digit of 4424932?
2
What is the hundred thousands digit of 102339?
1
What is the ten thousands digit of 855544?
5
What is the thousands digit of 2105502?
5
What is the hundreds digit of 4521331?
3
What is the hundreds digit of 1921991?
9
What is the millions digit of 1662598?
1
What is the thousands digit of 326049?
6
What is the hundreds digit of 402001?
0
What is the hundreds digit of 9090549?
5
What is the ten thousands digit of 2156396?
5
What is the tens digit of 3055163?
6
What is the millions digit of 1785455?
1
What is the thousands digit of 1494415?
4
What is the units digit of 4914513?
3
What is the tens digit of 1624932?
3
What is the tens digit of 160785?
8
What is the ten millions digit of 13019175?
1
What is the hundred thousands digit of 327430?
3
What is the millions digit of 4952360?
4
What is the millions digit of 2036146?
2
What is the units digit of 471482?
2
What is the hundreds digit of 31245912?
9
What is the hundreds digit of 336551?
5
What is the tens digit of 87342?
4
What is the tens digit of 349062?
6
What is the units digit of 235683?
3
What is the units digit of 440639?
9
What is the millions digit of 23165898?
3
What is the units digit of 186062?
2
What is the hundreds digit of 158722?
7
What is the hundreds digit of 3269532?
5
What is the units digit of 2231709?
9
What is the units digit of 66183?
3
What is the units digit of 13197984?
4
What is the hundreds digit of 187262?
2
What is the millions digit of 5475591?
5
What is the ten thousands digit of 184669?
8
What is the tens digit of 5730?
3
What is the hundreds digit of 2588312?
3
What is the thousands digit of 2525182?
5
What is the hundred thousands digit of 6961188?
9
What is the hundred thousands digit of 890585?
8
What is the hundred thousands digit of 9982704?
9
What is the ten thousands digit of 1530663?
3
What is the hundreds digit of 49465?
4
What is the hundred thousands digit of 3431107?
4
What is the hundreds digit of 157498?
4
What is the units digit of 2894803?
3
What is the tens digit of 10122087?
8
What is the units digit of 6357337?
7
What is the millions digit of 2595601?
2
What is the ten thousands digit of 67260?
6
What is the hundreds digit of 171860?
8
What is the hundred thousands digit of 1458758?
4
What is the thousands digit of 184658?
4
What is the hundred thousands digit of 301646?
3
What is the ten thousands digit of 24878026?
7
What is the thousands digit of 85507?
5
What is the tens digit of 1622845?
4
What is the millions digit of 1751473?
1
What is the tens digit of 69492?
9
What is the thousands digit of 24712294?
2
What is the hundreds digit of 4782048?
0
What is the millions digit of 3971468?
3
What is the units digit of 183550?
0
What is the ten thousands digit of 282195?
8
What is the units digit of 169750?
0
What is the hundred thousands digit of 9540455?
5
What is the ten thousands digit of 6317835?
1
What is the ten thousands digit of 110462?
1
What is the tens digit of 45831?
3
What is the ten thousands digit of 3156856?
5
What is the hundreds digit of 5392367?
3
What is the hundred thousands digit of 14689061?
6
What is the ten thousands digit of 71309?
7
What is the tens digit of 570107?
0
What is the ten thousands digit of 6470139?
7
What is the tens digit of 2430780?
8
What is the thousands digit of 828097?
8
What is the tens digit of 490261?
6
What is the ten thousands digit of 3919993?
1
What is the units digit of 3081007?
7
What is the hundreds digit of 17158939?
9
What is the hundred thousands digit of 395752?
3
What is the ten thousands digit of 6830076?
3
What is the hundreds digit of 7200210?
2
What is the hundred thousands digit of 3050325?
0
What is the hundred thousands digit of 9005601?
0
What is the units digit of 4782042?
2
What is the hundreds digit of 190185?
1
What is the thousands digit of 469995?
9
What is the ten thousands digit of 9879216?
7
What is the ten thousands digit of 5356110?
5
What is the thousands digit of 18744215?
4
What is the ten thousands digit of 37512430?
1
What is the units digit of 305826?
6
What is the hundreds digit of 6656739?
7
What is the hundreds digit of 8686250?
2
What is the tens digit of 285392?
9
What is the tens digit of 31162049?
4
What is the hundred thousands digit of 2704132?
7
What is the tens digit of 21738550?
5
What is the thousands digit of 3612307?
2
What is the ten thousands digit of 1676168?
7
What is the ten thousands digit of 195070?
9
What is the ten thousands digit of 1225524?
2
What is the ten thousands digit of 1314429?
1
What is the hundred thousands digit of 241132?
2
What is the hundred thousands digit of 1727338?
7
What is the tens digit of 2537529?
2
What is the thousands digit of 38596?
8
What is the ten thousands digit of 4197875?
9
What is the thousands digit of 977797?
7
What is the hundred thousands digit of 2886688?
8
What is the hundreds digit of 24743?
7
What is the tens digit of 2300343?
4
What is the ten thousands digit of 11882566?
8
What is the millions digit of 7446218?
7
What is the hundreds digit of 197706?
7
What is the thousands digit of 78617?
8
What is the units digit of 2834341?
1
What is the tens digit of 801741?
4
What is the hundred thousands digit of 7649656?
6
What is the units digit of 130462?
2
What is the hundred thousands digit of 15949607?
9
What is the hundreds digit of 2396712?
7
What is the tens digit of 12387?
8
What is the ten thousands digit of 1758847?
5
What is the tens digit of 1316232?
3
What is the tens digit of 34456?
5
What is the millions digit of 2211349?
2
What is the hundreds digit of 17856?
8
What is the tens digit of 102964?
6
What is the thousands digit of 919352?
9
What is the units digit of 15290254?
4
What is the hundreds digit of 402257?
2
What is the thousands digit of 322741?
2
What is the hundreds digit of 6836772?
7
What is the hundreds digit of 7491638?
6
What is the millions digit of 3887932?
3
What is the hundreds digit of 130673?
6
What is the units digit of 9998149?
9
What is the ten thousands digit of 10827?
1
What is the hundreds digit of 878992?
9
What is the tens digit of 25102767?
6
What is the hundred thousands digit of 13697651?
6
What is the millions digit of 2492578?
2
What is the tens digit of 987456?
5
What is the hundreds digit of 61876?
8
What is the hundreds digit of 11445495?
4
What is the units digit of 4072715?
5
What is the ten thousands digit of 4661201?
6
What is the tens digit of 89376?
7
What is the tens digit of 300405?
0
What is the ten thousands digit of 11630286?
3
What is the ten thousands digit of 1330986?
3
What is the hundreds digit of 85484?
4
What is the thousands digit of 119719?
9
What is the tens digit of 3940428?
2
What is the tens digit of 248386?
8
What is the hundred thousands digit of 2264255?
2
What is the hundreds digit of 9164972?
9
What is the hundreds digit of 6608515?
5
What is the millions digit of 3558208?
3
What is the hundreds digit of 2938201?
2
What is the ten thousands digit of 959447?
5
What is the units digit of 1087531?
1
What is the hundreds digit of 22015113?
1
What is the thousands digit of 4654303?
4
What is the hundreds digit of 142323?
3
What is the hundred thousands digit of 440311?
4
What is the hundreds digit of 2511670?
6
What is the units digit of 1119691?
1
What is the tens digit of 14828067?
6
What is the units digit of 1857?
7
What i